 divisor of a and n.
9
Let v be (-92)/28 + 2/7. Let o be v/1 - -2 - -3. Let a be 1/4*8/2. What is the highest common factor of a and o?
1
Let m be -12*8/(-120) - (-162)/10. What is the greatest common divisor of m and 85?
17
Let j be 78/((-188)/(-180) + -1). Calculate the greatest common divisor of 65 and j.
65
Let l = 2 - 0. Suppose 2*t + t + 32 = l*v, -3*t = -v + 37. Let j = 20 + t. What is the greatest common divisor of j and 18?
6
Let c(o) be the first derivative of 23*o**4/2 - o**3/3 - o**2/2 + o + 17. Let n be c(1). What is the highest common divisor of 5 and n?
5
Let s(p) = 4*p - 8. Let x be s(-10). Let f = -21 - x. Suppose -3*g - 42 = -w - 0*w, 88 = 2*w - 5*g. Calculate the greatest common factor of w and f.
27
Let d be 22 + -2*(1 + 2 + -2). Suppose 0 = -2*t + 470 + d. What is the greatest common divisor of 98 and t?
49
Suppose 0 = -3*v + v + 502. Let a = -146 + v. Calculate the highest common divisor of a and 42.
21
Let c = 6 + -2. Suppose -2*j = 5*d - 11 - 14, j = 3*d - c. Calculate the greatest common divisor of 2 and j.
1
Let o(f) = 423*f + 36. Let c be o(1). Calculate the highest common divisor of c and 189.
27
Let i = 64 - 45. Let t = -684 - -779. What is the highest common divisor of t and i?
19
Let i(d) = 2*d + 2. Let h = -8 - -11. Suppose 0 = h*f - 4*t + 7, f + 0*f - 19 = -4*t. Let s be i(f). Calculate the greatest common factor of s and 8.
8
Let w(m) = -2*m + 6. Let v be w(-5). Let q = -11 - -15. Suppose 0 = q*t - 2*t + 4*k - 40, -t = -4*k - 8. Calculate the highest common factor of v and t.
16
Suppose 5*g - 69 = 2*g. Let m = -10 + g. Suppose -3*b + 267 = 3*h, 3*h = 4*b + 2*h - 366. What is the greatest common factor of m and b?
13
Let h(j) = j**2 - 7*j - 3. Let q be h(8). Suppose 4*a + 0 = 4. Suppose -z + a = -1. What is the highest common divisor of z and q?
1
Let x be 10101/63 + 0 + (-6)/(-9). Calculate the highest common factor of x and 391.
23
Let h = 2817 - 2799. Let c be 46 + 1*(-2)/2. What is the greatest common factor of c and h?
9
Suppose 0 = -0*r + 2*r. Suppose -2*x - 8 = r, -2*w - 4 = x - 44. Let m = 0 + w. What is the highest common factor of m and 2?
2
Suppose -2*s + 4 + 2 = 0. Suppose -4*h + s*h = 20. Let a = 22 + h. Calculate the greatest common factor of 8 and a.
2
Let m(z) = 4*z**3 - 5*z**2 + z + 4. Let l = 22 - 20. Let n be m(l). Calculate the highest common divisor of 144 and n.
18
Let h be (-77)/(-4) + 329/188. Let v be (9/12)/(2/8). Calculate the highest common divisor of v and h.
3
Let t be (-31)/((-2635)/918)*70/4. Calculate the greatest common factor of t and 27.
27
Let v be ((1 - 0) + 0)*(18 - 16). Suppose 2*n - 548 = -v*i, 2*n + 4*i - 552 = -0*n. What is the highest common factor of n and 17?
17
Suppose 4*i = 7*i - 825. Let s = i - 177. Let o = -63 + s. Calculate the highest common divisor of 7 and o.
7
Let g be -2*-17*33/6. Let q be ((-17)/5)/((-4)/20). Calculate the greatest common divisor of q and g.
17
Suppose -i + 12 = -3*v, 0 = -3*i - 2*v - 0*v - 19. Let w be (-1)/(((-3)/17)/i). Let d = w + 24. What is the highest common factor of d and 28?
7
Let l(c) = 13*c**2 - 4*c + 8. Let t be l(-2). Let k = 12 + 5. Calculate the greatest common factor of t and k.
17
Suppose -2133 = -30*d - 49*d. Calculate the highest common divisor of 3 and d.
3
Let l = 16 - 5. Let m(h) = h**2 - 9*h + 17. Let j be m(7). Let a be (7 + j)*44/5. What is the greatest common factor of l and a?
11
Suppose 3*a - 4*a + 18 = 0. Let d be (2*2)/(20/(1 - -9)). What is the greatest common factor of d and a?
2
Suppose -2*n = -3*k - 14, 4*k - 3*n + 17 = -2*n. Suppose 7*m - 2*m = 0, 3*m - 12 = j. Let b = k - j. Calculate the greatest common divisor of 4 and b.
4
Let y be 6/(60/25)*44. Calculate the greatest common factor of y and 50.
10
Suppose 335*c - 331*c = 924. Calculate the highest common divisor of c and 84.
21
Suppose -5244 = -11*f - 27*f. What is the highest common factor of f and 24?
6
Suppose -n + 5*n - 1188 = 0. Let x(u) = u**2 - 13*u - 8. Let y be x(9). Let w be 2/8 + (-1177)/y. What is the greatest common divisor of n and w?
27
Let v be 0*(-4 + 39/9). Suppose -5*h + 7*h - 308 = v. Let t be 20 + 1 - (-7 - -6). Calculate the highest common divisor of h and t.
22
Let f be 36/(-21)*105/(-6). Let w(k) = -16*k - 5. Let m be w(-4). Let a = -29 + m. What is the greatest common factor of a and f?
30
Let n(t) = 22*t - 2. Let p be n(3). Let x = -6865 - -6881. What is the greatest common divisor of x and p?
16
Let j = -209 - -251. What is the greatest common divisor of 12 and j?
6
Let v = -12 + 68. Let j = -15 + 31. Let p = j - 9. What is the greatest common divisor of p and v?
7
Let c = -1581 + 1593. Calculate the greatest common divisor of c and 2364.
12
Suppose -a + 3*n + 36 = 9, -5*n - 155 = -5*a. Let z be (-4)/14*924/(-12). Calculate the highest common divisor of z and a.
11
Suppose 3*h - 3*o = 5*h - 2133, 5*h - 5324 = o. Calculate the greatest common divisor of h and 71.
71
Let f = -534 + 552. Suppose -x - 3*x + 652 = -z, -5*x + 5*z = -830. What is the greatest common factor of f and x?
18
Let j be -1*(-3*8)/4. Suppose t + 637 = 5*y, 0 = t + 2*t + j. Suppose -4*q + 225 = -y. Calculate the highest common divisor of 11 and q.
11
Suppose u = -i + 13, 32 = 4*u + 2*i - 16. Let l = u + -4. What is the highest common divisor of l and 49?
7
Let y = 24 + -20. Suppose -2*u - 3*p + 17 = 0, -4*u - 3*p + 8 = -17. Calculate the highest common factor of u and y.
4
Let r be 68/(-119) - (-4292)/14. What is the highest common divisor of r and 34?
34
Let l(v) be the first derivative of v**3/3 + 11*v**2/2 - 28*v - 6. Let r be l(8). Calculate the highest common divisor of r and 31.
31
Let b(n) = 2*n**2 - 30*n + 104. Let q be b(11). Calculate the highest common divisor of 1168 and q.
16
Let m(w) = -3*w - 3. Let t be m(-1). Suppose t = 18*p - 640 + 136. What is the greatest common factor of 2 and p?
2
Let v be 3 + 9/((-18)/4). Let i = 40 - 38. Calculate the greatest common factor of v and i.
1
Suppose -3*o + 4*k + 72 = -o, 0 = 3*k - 9. What is the greatest common factor of 266 and o?
14
Let g = -8 - 2. Let r = -8 - g. Calculate the highest common factor of 2 and r.
2
Let q(i) = i**3 + 7*i**2 + i + 21. Let r be q(-7). What is the highest common factor of r and 2?
2
Let d be (15/(-10))/(9/(-42)). Suppose 10 = -3*o + d. Let t be (116 + o)/(7/7). Calculate the highest common divisor of 23 and t.
23
Suppose 5*i - 40 = j, -5*j - 2*i - 235 + 89 = 0. Let o = -24 - j. What is the highest common factor of o and 9?
3
Suppose h + 5 = 4*n, 3*n - 5 - 10 = -3*h. Let u be h/(-6) + 181/2. Let w be (1/(-2))/1*-30. Calculate the highest common factor of w and u.
15
Suppose -1510 = -30*l + 10490. Calculate the greatest common factor of l and 50.
50
Let q = -365 - -605. Suppose -13*v + 7*v = -q. Calculate the greatest common factor of 8 and v.
8
Let p(l) = -l**3 + 4*l**2 - 3*l + 1. Let m be p(3). Let d be 52/(m*1/2). Calculate the greatest common divisor of 13 and d.
13
Let z(q) = -25*q. Let w be (-8)/28 + (-12)/7. Let i be z(w). Let j = 6 - -14. What is the highest common divisor of i and j?
10
Suppose -2*k + 83 = -5*l, 2*k + 4*l = 73 + 19. Suppose 2000*d = 2012*d - 4224. Calculate the highest common divisor of d and k.
44
Let w(p) = -2*p - 26. Let y be w(-14). Suppose -350 = -9*n + 5*n + 2*f, 4*f = -y*n + 160. Calculate the greatest common factor of 43 and n.
43
Suppose -3*g - y = 2*g - 42, 3*g - 2*y - 33 = 0. Let c(a) = -a**3 + 11*a**2 - 8*a - 12. Let k be c(g). What is the highest common divisor of 26 and k?
26
Let j = -3 + -16. Let g = j + 46. What is the greatest common factor of 9 and g?
9
Let k be 24/(0 - (-3 + -2)/30). What is the highest common divisor of k and 480?
48
Suppose 3*m = 5*b + 300, -5*m = 3*b - 7*b - 487. Calculate the greatest common factor of 2375 and m.
95
Let y be 978 - 60/(-2 - 3). What is the highest common divisor of 450 and y?
90
Suppose -5*f - 5 = -4*d, 4*f = -d + 23 - 6. Suppose -348 = -f*l - 4*r, -5*l + 2*r + 554 = -0*r. Calculate the highest common factor of 14 and l.
14
Let f(d) = -3*d + 0*d - 4*d**2 - 3 + 3 - 8*d**3. Let r be f(-1). What is the greatest common factor of r and 14?
7
Let x = 60 + -88. Let g be (-2)/7 - 3396/x. Calculate the greatest common factor of g and 11.
11
Let l be ((-52)/91)/((-2)/7). Suppose -l*g - 24 = 2. Let 